hest common divisor of 265636 and 159668.
716
Calculate the highest common factor of 251262 and 4042.
94
Calculate the highest common factor of 8485109 and 104524.
3733
What is the highest common factor of 32 and 3303220?
4
Calculate the greatest common factor of 55335 and 419652735.
7905
What is the greatest common factor of 107348189 and 52?
13
Calculate the highest common divisor of 548767871 and 34.
17
Calculate the highest common divisor of 35351028 and 72.
36
Calculate the greatest common factor of 230 and 20230.
10
What is the highest common divisor of 150741372 and 12?
12
Calculate the greatest common factor of 66975762 and 14.
14
What is the greatest common factor of 21 and 98216482?
7
Calculate the highest common divisor of 3002674 and 3152.
394
What is the highest common factor of 128312 and 383646?
86
Calculate the highest common divisor of 454518 and 91713.
57
Calculate the greatest common factor of 546478 and 3043078.
2774
Calculate the greatest common factor of 95545 and 624293.
197
Calculate the highest common factor of 518 and 8831604.
74
What is the highest common divisor of 108 and 21294612?
36
Calculate the greatest common factor of 411162 and 23838.
174
What is the greatest common divisor of 1776583095 and 2815?
2815
Calculate the greatest common factor of 13549 and 44489.
17
What is the highest common factor of 14559853 and 35119?
1211
Calculate the greatest common factor of 135 and 23301855.
45
Calculate the greatest common factor of 514180 and 5405.
235
What is the highest common factor of 177026704 and 5424?
1808
What is the greatest common factor of 36 and 229207842?
18
Calculate the highest common factor of 114096880 and 160.
80
What is the greatest common factor of 21525980 and 280?
140
What is the highest common factor of 77724 and 167484?
204
What is the highest common divisor of 217602 and 21042?
126
Calculate the greatest common factor of 6856264 and 14706.
1634
What is the greatest common divisor of 163573641 and 15352?
1919
What is the highest common divisor of 96 and 1595364?
12
What is the greatest common factor of 21582 and 80169936?
7194
What is the greatest common factor of 138955525 and 50?
25
What is the greatest common factor of 802104 and 760?
152
Calculate the highest common factor of 1103892845 and 22.
11
What is the greatest common divisor of 317319 and 11191?
361
Calculate the greatest common divisor of 1292333 and 1025465.
2471
Calculate the greatest common divisor of 39285 and 394790.
485
What is the greatest common factor of 2515428 and 4212?
108
What is the greatest common factor of 122786 and 7738?
146
What is the highest common divisor of 34 and 16381438?
34
Calculate the highest common factor of 120 and 8530584.
24
Calculate the greatest common divisor of 5079535 and 5.
5
Calculate the highest common divisor of 15033 and 3090.
3
What is the highest common divisor of 59576 and 4609?
11
What is the highest common factor of 48243342 and 4557?
147
What is the highest common factor of 1112863632 and 96?
48
What is the highest common factor of 214710 and 15022122?
2526
What is the greatest common divisor of 22 and 212711609?
11
Calculate the highest common factor of 21913550 and 50.
50
What is the highest common factor of 101552033 and 2057?
2057
Calculate the greatest common factor of 36548360 and 256.
8
What is the highest common divisor of 353470 and 87113?
13
Calculate the greatest common divisor of 84 and 48104934.
6
What is the highest common divisor of 7328 and 15544291?
229
Calculate the greatest common factor of 11 and 3518119.
11
Calculate the greatest common factor of 14094 and 168954.
174
What is the greatest common factor of 1722 and 45304?
14
What is the greatest common divisor of 5303710 and 2650?
530
What is the highest common factor of 219 and 75600771?
219
Calculate the highest common divisor of 787471 and 1073.
37
What is the highest common divisor of 5106 and 328323459?
2553
What is the highest common factor of 62 and 27230183?
31
Calculate the greatest common divisor of 56 and 36686398.
14
What is the highest common divisor of 3507150 and 4120?
1030
Calculate the greatest common divisor of 64590 and 6629087.
2153
What is the highest common factor of 77 and 4177052?
11
Calculate the highest common divisor of 649 and 726290.
59
Calculate the greatest common factor of 7618655 and 165.
55
What is the highest common factor of 5082 and 1893166?
242
What is the highest common divisor of 29261718 and 450?
18
Calculate the greatest common divisor of 111364600 and 200.
200
Calculate the highest common divisor of 45 and 104402835.
45
What is the greatest common divisor of 10 and 7436105?
5
What is the highest common factor of 5503013 and 4193?
599
What is the greatest common factor of 1870 and 1433410?
110
Calculate the highest common factor of 190610 and 53.
1
What is the greatest common factor of 132662299 and 49?
7
What is the greatest common factor of 1771 and 1174932?
253
What is the highest common factor of 5047 and 26628?
7
What is the highest common factor of 10944 and 19644?
12
What is the greatest common factor of 16159 and 288431?
143
Calculate the highest common factor of 112 and 310072.
56
Calculate the highest common factor of 19840880 and 6808.
296
Calculate the highest common divisor of 1730 and 74570785.
865
What is the greatest common factor of 444 and 48585884?
148
Calculate the greatest common factor of 438 and 179214270.
438
Calculate the greatest common divisor of 10200 and 88082100.
5100
What is the greatest common divisor of 126113148 and 2509?
193
Calculate the greatest common factor of 126751372 and 88.
44
What is the greatest common divisor of 3906 and 294159?
93
Calculate the greatest common divisor of 122943 and 80571.
321
What is the highest common divisor of 37059 and 271986?
33
Calculate the highest common divisor of 1670 and 29064346.
334
Calculate the highest common factor of 24025108 and 29.
29
Calculate the highest common factor of 843 and 854925.
3
Calculate the highest common divisor of 34701624 and 102.
102
Calculate the greatest common divisor of 53758852 and 70.
14
Calculate the highest common factor of 2204072 and 10595.
13
What is the highest common divisor of 9 and 41003568?
9
Calculate the greatest common factor of 10515 and 45855.
15
What is the highest common factor of 21744625 and 3850?
175
Calculate the greatest common factor of 641744 and 7600.
304
Calculate the highest common factor of 52324 and 17864.
4
What is the greatest common divisor of 819 and 209319201?
819
Calculate the greatest common factor of 321321 and 10231.
13
What is the highest common divisor of 1307399 and 188?
47
Calculate the greatest common factor of 468 and 4001463.
9
Calculate the greatest common factor of 1600 and 13497020.
20
What is the greatest common divisor of 10477872 and 27?
9
Calculate the highest common divisor of 820830 and 20.
10
What is the greatest common factor of 83144015 and 12586?
899
What is the highest common divisor of 5298 and 51689054?
1766
Calculate the greatest common divisor of 1991 and 25204069.
1991
What is the highest common divisor of 89 and 190884797?
89
Calculate the highest common factor of 1278495650 and 100.
50
What is the highest common factor of 598 and 5893550?
26
What is the greatest common divisor of 7352762 and 14088?
1174
What is the highest common divisor of 336 and 178627792?
112
What is the greatest common divisor of 36476 and 13948?
44
What is the highest common factor of 31637394 and 3078?
342
Calculate the greatest common factor of 301779 and 72.
9
What is the highest common divisor of 49910 and 361445?
805
What is the highest common factor of 53 and 83612747?
53
Calculate the greatest common divisor of 426040617 and 447.
447
Calculate the greatest common divisor of 5580 and 135850308.
372
Calculate the greatest common divisor of 4852 and 201736.
4
Calculate the highest common factor of 31939 and 52209359.
779
What is the greatest common divisor of 531 and 181035?
9
What is the highest common divisor of 35850 and 311100?
150
Calculate the greatest common divisor of 10357081 and 539.
49
What is the greatest common factor of 135071 and 6517?
19
What is the highest common factor of 6098202 and 124146?
3762
What is 